tive of -r**2/2 + 5*r + 50. What is i(8)?
-3
Let z(v) = -5*v**2 - 7*v - 8. Let t(h) = 12*h**2 + 14*h + 15. Let i(b) = -2*t(b) - 5*z(b). Give i(-6).
4
Let w(d) = d**2 + 6*d + 1. Suppose 2*o - 3*p = -11 - 2, 3*p = -3*o - 27. Calculate w(o).
17
Let v(m) = -m**3 - 4*m**2 - 2*m + 1. Suppose -2*a + 2 = -2*h - 0, -a + 13 = -4*h. Determine v(h).
9
Let o(h) = h + 1. Suppose 3 = -3*c - 5*q - 0, 2*c + 15 = q. Let d be ((-6)/(-9))/((-2)/c). Let m be o(d). Let a(w) = 3*w - 2. Give a(m).
7
Let h(w) be the third derivative of w**4/24 - 5*w**3/2 + 44*w**2. Calculate h(9).
-6
Let w(j) = -j**3 + 3*j**2 + 6*j - 10. Suppose -4*m = 3*p - 32, -11*m + 13*m - 6 = p. Give w(p).
-2
Suppose -3*v - 148 = -8*v - 2*j, -3*j = -2*v + 63. Suppose 4 = -v*k + 29*k. Let y(h) = -h**3 - 4*h**2 - 4*h - 5. Calculate y(k).
11
Suppose 20*z - 75 - 45 = 0. Suppose 0*i = -z*i - 48. Let k(l) = -l**2 - 6*l. Calculate k(i).
-16
Let d(n) = n**3 - 9*n**2 - 10*n + 3. Let y be d(10). Suppose 29 = 2*u + 5*m, 17 = -2*u + 3*u + y*m. Let p(b) = 2*b**2 - 4*b - 6 + 9 + 0. Calculate p(u).
3
Let x(k) = -k**2. Suppose 3*m + 3*j - 72 = 0, 0 = 3*m + 2*j + 2*j - 67. Let l = m - 28. Let p be (l + 5/(-3))*3. Determine x(p).
-4
Let g(d) be the first derivative of -50 + 4*d + 5/3*d**3 + 2*d**2 + 1/2*d**4. Determine g(-3).
-17
Suppose 0 = -5*u + 5*z - 20, 26 = -3*u + 8*z - 12*z. Let r(h) be the third derivative of h**5/60 + 5*h**4/24 - h**3/3 + 3*h**2. What is r(u)?
4
Let u(x) = -x. Let j = 4 - 2. Let f be u(j). Let q be f*((-4)/(-2))/4. Let o(n) = -5*n + 1. Determine o(q).
6
Let v(m) be the third derivative of m**6/120 + 11*m**5/60 + 11*m**4/24 - 11*m**3/6 + 9*m**2. Calculate v(-10).
-21
Let r(d) = 7*d**2 + 16*d + 23. Let q(m) be the third derivative of m**5/6 + m**4 + 17*m**3/3 - 3*m**2. Let b(v) = 5*q(v) - 7*r(v). Give b(-7).
2
Let m = -4 - -3. Let d(h) be the third derivative of 3*h**4/8 + h**3/6 + 5*h**2. Give d(m).
-8
Let y(d) = d**2 - 15*d + 12. Let f = 57 - 45. Determine y(f).
-24
Let n(d) be the second derivative of -d**5/20 + d**4/4 + d**3/2 - 4*d - 1. Let m = -16 + 19. Calculate n(m).
9
Suppose 5*t + 7 = 22. Let j(c) = 3 - 2*c - 3 - t + c**2. Determine j(-3).
12
Let o(a) = a**3 + 12*a**2 + 11*a + 2. Let n = -101 + 90. What is o(n)?
2
Let o be (110/(-30))/((-1)/6). Let h = -16 + o. Let p(a) = -5*a**2 + 4 + a**3 - 8*a + 0 + 0*a**2. Give p(h).
-8
Let g(t) be the first derivative of -t**2/2 + 14*t - 115. Calculate g(7).
7
Let a be 1/((-1)/12*-4). Let x be 6/(-5)*10/(-4). Let m(k) = 69 + 3*k - k**2 - 71 - 2*k**2 + k**x. Give m(a).
7
Let m(n) = -n + 9. Let w be -1*(-24 + 6)/3. Give m(w).
3
Suppose 0 = -34*z - 119 - 85. Let r(y) = y**3 + 4*y**2 - 3*y + 6. Give r(z).
-48
Let s(a) = a**3 - 6*a**2 + 2. Let u be s(6). Let x(k) = k**2 + 2*k. Let i be x(-3). Let d(j) = i*j**u + 2 - j**2 + 5*j**3 + 4*j**2 - j - 6*j**3. Determine d(6).
-4
Let o(q) be the third derivative of 0 - 1/8*q**4 - 1/120*q**6 + 0*q + 5/6*q**3 - 6*q**2 - 1/10*q**5. What is o(-5)?
-5
Let q(c) = 7*c - 2. Suppose -5*r - 7 = -5*h + 3, -4*r - 3*h = -6. Let o(b) = -b - 2 - b**2 - 9*b + r*b. Let k be o(-10). Give q(k).
-16
Let t(n) be the second derivative of 16*n + 1/2*n**2 + 1/3*n**3 + 0 - 7/12*n**4. Calculate t(-1).
-8
Let n(s) = 26*s**2 - 10*s**2 - 10*s**2 - 5*s**2 + 4 - 2 + s. What is n(2)?
8
Suppose -16*n - 10 = -14*n. Let v(k) be the first derivative of k**3/3 + 2*k**2 + 2*k + 44. Determine v(n).
7
Suppose 5*m - 18 = -5*y + 17, -5*y + 2*m + 28 = 0. Let j(s) = s**3 - 5*s**2 - 7*s + 1. Let v be j(y). Let t(z) = -z**3 - 4*z**2 + 7*z + 2. Give t(v).
-8
Let b(y) be the first derivative of -5 - 1/2*y**2 - 1/4*y**4 + y + 1/3*y**3. Let t be 0*3/18*-2. Calculate b(t).
1
Let v(d) = -d**2 - 7*d - 9. Suppose 429 = -5*y - 4*x, -y - 5 = 3*x + 72. Let f = -95 - y. Calculate v(f).
-3
Let o = -21 + 24. Let l(r) = 8*r - r**2 + o + 5 - 16. Calculate l(6).
4
Let b(g) = -33*g - 6. Let v be b(-5). Let h be (-2)/(3 - v/51). Let o(r) = -3 + 4 + 6*r**2 - h*r**2. Determine o(1).
-10
Let b(a) = 12*a - 19. Let j(l) = 4*l - 7. Let i(c) = 4*b(c) - 11*j(c). Determine i(-1).
-3
Let l(q) be the first derivative of -12 - 1/3*q**3 + 4*q - 7/2*q**2. Calculate l(-7).
4
Let c(g) be the first derivative of g**7/840 - g**6/360 + g**5/120 + 5*g**3 - 14. Let r(i) be the third derivative of c(i). Let q = 4 - 2. Determine r(q).
6
Let t be 162/16 + (-9)/72. Suppose 0*a - o + 9 = 2*a, 2*o = -2*a + t. Let m(l) = -l**3 + 4*l**2 - l - 1. Determine m(a).
-5
Let s(g) = g**3 - 4*g**2 - 3*g + 4. Let v(i) = -10*i + 24. Let d be v(2). What is s(d)?
-8
Let c(b) = -b**2 - 3*b + 13. Suppose 1379*o - 54 = 1385*o. Give c(o).
-41
Let v(i) = 0*i - 3*i**2 + 2*i**2 + 7*i + 0*i**2 + 8. Suppose 5 = -j - 2. Let z(q) = -q + 1. Let l be z(j). Calculate v(l).
0
Let p(f) = f**2. Let d be p(1). Let s(r) be the third derivative of 5*r**4/24 + r**3/6 + 1468*r**2. Determine s(d).
6
Let w(a) be the third derivative of a**6/120 + 17*a**3/2 - 628*a**2. Give w(0).
51
Suppose -t = 0, -5*m + 2*t = 3*t + 120. Let j = 26 + m. Let v(h) = -13 + 0*h**2 - h**j + 0*h**2 + h. Give v(0).
-13
Let t(a) = 7*a - 3. Let r(v) = -24*v + 10. Let c(j) = -3*r(j) - 10*t(j). Determine c(-8).
-16
Suppose 4*b + 0*x = -3*x - 1, -4*b = x - 5. Suppose -13 = b*i + t + 2*t, 18 = 3*i - 3*t. Let m(g) = -i - 2*g - 3*g + g**2 - 1. Calculate m(5).
-2
Suppose 13*g - 5*g = 192. Let d(h) = h**2 - 23*h - 20. What is d(g)?
4
Let s(v) = -v - 1. Let h = 89 - 88. Let l = 6 - 4. Let c(p) = p - 9. Let a(g) = h*c(g) + l*s(g). Determine a(-7).
-4
Let x = -68 + 39. Let w = 32 + x. Let u(a) = -a - 1. Let r(d) = -2*d - 6. Let c(v) = -r(v) + 3*u(v). What is c(w)?
0
Let c(b) = -4*b**3 - 5*b**2 + 3. Let r(h) = -9*h**3 - 9*h**2 + 5. Let q(w) = 7*c(w) - 3*r(w). What is q(-8)?
6
Let q = -7 - -10. Let o(x) = 1 - q*x - 2*x**2 - 2*x - 4*x**2 - x**3. Suppose 4*h = -3*d - 32, 3*h - 2*d = -7*d - 35. Calculate o(h).
1
Let y(t) = -t**3 + 4*t**2 - 5*t + 2. Suppose -4*w = -5*r - 26, 2*r + 54 - 34 = 4*w. Calculate y(w).
-18
Suppose r - 5*m + 10 = -6, -5*m + 20 = 0. Let x(t) = 2*t - r*t**2 - t + 6*t**3 - 2 - 5*t**3. Let k(a) = -a**2 + 3*a + 8. Let v be k(4). Give x(v).
2
Let b(o) be the first derivative of -9*o**4/4 - 2*o**3 - 6*o**2 + 2*o + 12. Let n(y) = 5*y**3 + 3*y**2 + 6*y - 1. Let m(h) = -6*b(h) - 11*n(h). Determine m(4).
7
Let t(j) = j + 1. Let v be (-14)/(-4)*1*(42 - 44). Give t(v).
-6
Let k(b) = b**2 + 3*b + 3. Let o(m) = -m**3 - m**2 + 30*m - 44. Let j be o(4). What is k(j)?
7
Let v(k) = -k - 13. Let y = -610 + 593. Determine v(y).
4
Suppose 0 = 7*y - 58 - 383. Let a(f) = -2*f - 62*f**2 + y*f**2 + 7*f. Calculate a(-5).
0
Suppose 4*s + 48 = -5*d + 9*d, 3*d = -5*s - 52. Let g(i) = -2*i**2 - 23*i - 2. Determine g(s).
9
Suppose -4*x - 5*u - 10 = -43, -5*x - 2*u + 20 = 0. Let l(h) = -4*h**2. Give l(x).
-16
Suppose 12 = 3*p - 3. Suppose -3*h + 20 = 4*q, 4*h - 19 = -5*q + 7. Let n(d) = 2 + 3*d - p*d - h. Give n(-3).
4
Let a be ((-3)/(-1 - -2))/(1/(-3)). Let s(d) = d**2 - 11*d + 10. Calculate s(a).
-8
Let n(v) be the second derivative of -v**4/12 + 5*v**3/6 + 20*v**2 + 847*v. What is n(10)?
-10
Suppose r + 20 = 3*r. Let s be 5/r + 134/4. Let u = s + -27. Let g(m) = -2*m + 7. What is g(u)?
-7
Let b(f) = f. Let c(h) = -h**3 - 16*h**2 - 29*h - 16. Let d be c(-14). Let p(k) = 6*k - 2. Let m(u) = d*p(u) + 10*b(u). What is m(-5)?
14
Let o(h) be the first derivative of h**3/3 + 7*h**2/2 + 11*h + 192. Determine o(-5).
1
Let z(n) = -n + 2. Let w be z(-5). Let s(r) = -r + 6 - 12 + w + 8. Determine s(0).
9
Let r(k) be the third derivative of k**6/120 + 3*k**5/20 + 5*k**4/24 - 11*k**3/6 + 564*k**2. Calculate r(-9).
-56
Let x(i) = -i**2 + 1. Let y(s) = -9*s**2 - 8. Let m(h) = 3*x(h) - y(h). Let l(o) = 5*o**2 + 10. Let r(z) = 7*l(z) - 6*m(z). Calculate r(0).
4
Let v(i) = -2*i - 5*i**2 - 20*i**3 - 19*i**3 - 28*i**3 + 66*i**3 + 1. Determine v(-2).
-7
Let b = -7550 + 7543. Let d(j) = 2*j**3 + 8*j**2 + 2*j**3 - 3*j**3 + 7*j - 9. What is d(b)?
-9
Let y be (1/2)/(11/264). Let a(l) = -2 - 6 - 3*l + y. Determine a(3).
-5
Let s(r) = -r**2 + 7*r - 6. Let v be s(6). Let k(a) = -35 + a + 82 - 41. Determine k(v).
6
Let l = 181 - 179. Suppose -5*z + 35 = -5*f, 19 = -3*z - 5*f - 0*f. Let k(i) = 4 + z*i - 11 - 2 + l. Determine k(6).
5
Let b(t) = 14*t**2 + 10*t - 5. Let r(u) = -9*u**2 - 7*u + 3. Let x(k) = 5*b